 -3 - (-2 - -1). Suppose -3*y + 9 = -6. Suppose g = -y*s + 2*s + 141. Is s a prime number?
True
Let t be (-2 - -5 - -293) + 1. Let f = 450 - t. Suppose -f = -2*l - 15. Is l prime?
False
Let o(z) = 14*z**2 + 3*z - 12. Is o(-5) a prime number?
False
Let j(v) = 3*v + 6. Let c be j(-9). Is (-196)/c - (-2)/(-6) a prime number?
False
Let m = 2760 + -1549. Is m a prime number?
False
Suppose -y + 2*y + 4*f = 1263, -1235 = -y + 3*f. Is y a composite number?
True
Suppose -12*h = -14*h + 814. Is h a prime number?
False
Let d = -9286 + 13193. Is d composite?
False
Let l be 0 - -29 - (-3)/1. Let v = 19 + l. Is v a prime number?
False
Let l be (-136)/10 - (-9)/15. Let a = l - -21. Suppose 0 = -v + 31 + a. Is v composite?
True
Is 4*5/20*163 composite?
False
Let l(n) = -86*n**3 - 2*n**2 + 1. Is l(-1) composite?
True
Suppose u + u + 151 = c, -c + 154 = -3*u. Is c prime?
False
Is 479/(0 - -1 - 0) composite?
False
Suppose 4*b = -0*b + 4*o - 8, -4*o = 0. Let l be b/5 + 134/10. Let t = l + 22. Is t composite?
True
Suppose 6*j - 1048 - 62 = 0. Is j prime?
False
Let y(w) = w**3 + 26*w**2 - 29*w + 15. Is y(-20) prime?
False
Let v(q) = q**3 + 14*q**2 - 12*q + 15. Is v(-12) composite?
True
Let h = 1 + 5. Suppose t - 257 = o, o - 4*o = -h. Is t composite?
True
Suppose 4*n = -2*u + 50, 0*n - 5*u = -4*n + 29. Is n a prime number?
True
Suppose 3*x = -5*f + 6, -3*x + 0*x + 9 = 4*f. Suppose 144 = 3*h - 2*d + x*d, -5*h = 5*d - 230. Is h a prime number?
True
Suppose -2*z - 8202 = -4*s, 5*s + 0*z - 10275 = -2*z. Is s composite?
False
Let u = 6 - 4. Suppose 2*b - u = b. Is -2*(b - 1) + 13 prime?
True
Let l = -8368 - -14527. Is l prime?
False
Let l = 340 - 67. Suppose 4*o - 5*r = o + 149, -5*o - 4*r + l = 0. Is o a prime number?
True
Let w(o) = -12*o + 1. Let u = 4 + -6. Let l = -5 - u. Is w(l) a prime number?
True
Let s = 44 + -75. Suppose 0*c + 64 = -4*c. Let r = c - s. Is r prime?
False
Suppose -27 = -4*x + 281. Is x a composite number?
True
Suppose 0 = 3*n + n + 36. Let m be -21*(2 - (-15)/n). Let c(l) = -17*l - 6. Is c(m) a composite number?
False
Suppose -2*k = k - 4971. Is k a prime number?
True
Suppose 22*j = 14*j + 10040. Is j prime?
False
Let d(g) = 23*g. Is d(13) prime?
False
Let h = 591 - -143. Is h a composite number?
True
Let n(x) = -2*x**2 - 2*x + 2. Let y be n(-3). Let j be 0 - y - -1 - 2. Suppose -m = -10 - j. Is m a composite number?
False
Let p(d) = -144*d**3 - 1. Is p(-1) composite?
True
Let g be (93/9)/((-1)/(-3)). Let f be (g + -1)*42/4. Suppose -4*b = -20, -4*h + 5*b = -6*h + f. Is h a composite number?
True
Suppose 0 = 3*x - 3 - 9. Suppose -x*h + 0*h + 3060 = 0. Let m = -514 + h. Is m composite?
False
Is (3 + 704)*(-1 - -3)/2 prime?
False
Suppose 18 = 4*h - 70. Is h a prime number?
False
Suppose 5*q - 5*f = 5455, 0*f - 5*f = 2*q - 2154. Is q composite?
False
Suppose -i - 153 = 3*l, -2*l + 0*i - 102 = i. Let d = l - -72. Is 6/(-9)*d/(-2) composite?
False
Let j be (0 - -3 - 10)/(-1). Let v = -2 + 1. Is (-4 - v)/((-1)/j) a prime number?
False
Let q = 4 + 1. Is (q + 0 - 3) + 201 prime?
False
Let s be 7 - ((-2 - -2) + 3). Suppose -118 = s*f - 6*f. Is f composite?
False
Let z(w) = 7*w**2 - 2*w**2 + 2 - 4*w**3 + 2*w - 6*w**2. Is z(-2) prime?
False
Let x = 7 + -4. Suppose 3*b + 3*u - 18 = 0, 4*u = x*b + u. Suppose 3*g + b*o - 111 + 3 = 0, -2*g + 2*o + 76 = 0. Is g a composite number?
False
Let t be -2 + 6 - (-2 - -1). Let f(v) be the second derivative of 2*v**3/3 + 5*v**2/2 + v. Is f(t) composite?
True
Let g(s) = 4*s**2 - 12*s - 29. Is g(-12) a composite number?
False
Suppose 8 = -2*q - 2*q. Let u be (2/q)/((-2)/54). Is 331/9 + 6/u composite?
False
Let z(h) = 2*h + 1. Suppose -13 = 5*x + 7. Let q be z(x). Let v(d) = 3*d**2 + 10*d. Is v(q) composite?
True
Let u = 149 + 56. Is u a prime number?
False
Let c(f) = -f**3 - 4*f**2 - 6*f - 3. Let i be c(-4). Suppose 2*b - 6 = 5*b, o = 3*b - 6. Is (i/o + 0)*-116 prime?
False
Let b = 33 + -10. Suppose -4*u + 5 = -3*u, 4*u = 3*o + b. Is 9 - -1 - (2 + o) a composite number?
True
Is (-799)/(-1) + 0 + -2 prime?
True
Let u(d) = 3*d - 1. Let r be u(-3). Let x = r + 16. Let g(y) = -y**3 + 8*y**2 + y - 1. Is g(x) composite?
True
Let i = 1081 - 167. Is i a composite number?
True
Is (2739/(-3) - 3 - -2)/(-1) composite?
True
Suppose 4*o - 4 = 4*b + b, -o = -1. Suppose b = i - 0*i - 705. Suppose -3*j - 1175 = -5*k, j + 4*j + i = 3*k. Is k prime?
False
Let j = -2 + 2. Is (19 - 2)*(j + 7) a composite number?
True
Suppose 8 = -3*a - 1. Let k(x) = -40*x - 1. Is k(a) prime?
False
Let m(w) = 6*w**2 - w + 4. Is m(2) a prime number?
False
Let f = 7 + -4. Suppose -5*r - f*v = 7, -r - v - 4 = -3. Is (-1)/r*98/1 composite?
True
Let m = 478 + -261. Is m a composite number?
True
Let p = -16 - -28. Let j = 6 + 83. Let g = j - p. Is g composite?
True
Let y(n) = -2*n**2 - 3*n - 2*n**2 - 5*n**3 + 4*n**3 - 5. Suppose -5*p = 3*z + 40, -3*z = -p + 3 + 7. Is y(p) prime?
False
Let u = 4 - -97. Let d = -18 + u. Is d prime?
True
Suppose 131 = 4*x - 89. Let i(s) = -2*s + 10. Let f be i(5). Suppose -x = -u - f*u. Is u prime?
False
Suppose 3*b = -8 + 29. Is b prime?
True
Let b be (2*-2)/(6/(-33)). Let m = b - 31. Is (-3)/m + 58/6 composite?
True
Is (-22)/(4/10 - (-352)/(-830)) prime?
False
Suppose 0 = -2*t + 2*a + 14, -4*a + a - 17 = -2*t. Let m(j) = 2*j**3 + j**2 + 2*j + 5. Is m(t) prime?
True
Let y = -2 + 4. Suppose -7*i = -y*i - 50. Is i composite?
True
Let s(k) = -85*k - 8. Is s(-5) a composite number?
True
Let q(f) = 6*f**2 - 2*f - 15. Is q(-7) a prime number?
True
Let z(w) = -w**2 - 6*w + 9. Let q be z(-7). Let y = 20 + q. Is y prime?
False
Let g = 3 + 4. Let o(p) = 18*p**2 - 4*p - 3. Is o(g) composite?
True
Suppose 5*u = 2*c - 307, -3*c - 802 = -8*c + u. Is c composite?
True
Let q be (-5)/(-4) - (-2)/(-8). Is 121 + (3 - (2 + q)) prime?
False
Is (-1)/(-2)*(3832 - 14) a composite number?
True
Suppose -5*b + 18 = 4*c, -2*b + 2 = 6. Is c a prime number?
True
Let j(q) = -q + 1. Let g be j(3). Let p be (g + 3)*-1 + 5. Suppose 5*a - p*u - 649 = 0, -3*a + u + 129 = -2*a. Is a prime?
False
Let n(p) = 16*p**2 - 9*p + 1. Is n(-4) composite?
False
Suppose 2*z + 12 = 200. Is z a composite number?
True
Let f be 3/(-9) + 20/6. Suppose x - f*j = 35, -j + 4*j = 5*x - 139. Is x a prime number?
False
Suppose 4*p - 2 = 2*g, -2*p - 4*g = -0*p - 16. Suppose p*m - 135 - 163 = 0. Is m a composite number?
False
Is 30/(-40) - 839/(-4) prime?
False
Let y = -3 + 23. Is y/(-8)*(-282)/3 composite?
True
Let o be 3*((-130)/(-6) + 3). Let i = -25 + o. Is i a prime number?
False
Let z(d) = -d**2 + 10*d - 6. Let w be z(9). Suppose -w*g - 35 = -272. Is g prime?
True
Suppose -3*s - 15 = -6*s. Suppose 0 = 5*k - 3*d - 44, 24 = 5*k - s*d - 26. Is (3/1)/(k/77) prime?
False
Let x(a) be the second derivative of -51*a**3 + a**2/2 - 6*a. Is x(-1) prime?
True
Suppose -4*w - 15 + 39 = 0. Let m(r) = 3 + 3*r**2 + r - w*r + 0*r. Is m(3) composite?
True
Let y(t) be the first derivative of 2*t**3/3 - 2*t**2 - 13*t + 5. Is y(9) prime?
True
Let h(c) = -c + 2. Let p(d) = -d**2 - 6*d - 5. Let b be p(-5). Let u be h(b). Is (u/(-3))/(12/(-3366)) a composite number?
True
Let z(f) = -26*f + 1. Let p be z(-1). Suppose -3*g = 3*l - 51, 140 = 4*g - 5*l + p. Is g a composite number?
True
Suppose y - 3 - 2 = 0, -4*y + 65 = -5*v. Let x be (-6)/v + 2/6. Is 5 + 7 - (-2)/x a composite number?
True
Let y be (-1)/(1 - (-1)/(-2)). Is ((-79)/4)/(y/8) prime?
True
Let z = 147 + 302. Is z a prime number?
True
Suppose 0*v = -2*v + 116. Is v composite?
True
Let d be 5320/(-16) + (-2)/4. Let x = -154 - d. Is x a composite number?
False
Let u(a) = a + 2. Let h(b) = 2*b + 4. Let t(z) = -6*h(z) + 13*u(z). Let m(p) = 3*p - 4. Let k be m(3). Is t(k) a composite number?
False
Let m be 4/(-10) - 27/(-5). Is 1/5 - (-1254)/m a composite number?
False
Suppose -51 = 5*s + 119. Let m be 34*(-6)/(-4) + -2. Let v = s + m. Is v a prime number?
False
Let v = -1 - -1. Let i be (1 + -2 + v)*-2. Suppose -3*d = -i*d - 91. Is d prime?
False
Suppose -5*c + 1341 = -4*s, 0 = 2*s + 2*s - 4. Let t be (-409)/(-4) + (-1)/4. Suppose -t - c = -q. Is q prime?
False
Suppose -5*r = -4340 + 1185. Is r composite?
False
Suppose j - 3*j + 4 = 0. Suppose 4*y = -4*z + 2 + j, -3*y + z = -15. Suppose 153 = y*i - i. Is i prime?
False
Let c = -1639 - -2516. Is c a compo